?
False
Suppose h - 8*w = -5*w + 14512, 0 = 4*h + 2*w - 58062. Is h prime?
False
Let t(w) = -2*w**3 - 40*w**2 + 61*w + 58. Is t(-25) composite?
False
Suppose 7*h - 61509 = 93478. Is h prime?
False
Suppose -2*q = -4*n + 2348, -2*q = -n + 5*n - 2364. Suppose -1 = 4*h + 3, 0 = -2*p + 3*h + n. Is p prime?
True
Let l(u) = u**3 - 12*u**2 - 5*u - 23. Let n be (-270)/(-16) + (165/40 - 4). Is l(n) a composite number?
True
Let g = 2 + -11. Let p(u) = u**2 + 10*u + 13. Let z be p(g). Suppose -2*d - 108 = -4*j, z = -0*d - d. Is j composite?
True
Suppose 4*k - 20 = 0, k + 11343 = 3*a - 8851. Is a a composite number?
False
Is 15433 + ((-1)/(-2))/(32/64) a composite number?
True
Let v be ((-254)/(-4))/(4/24). Suppose -5*l = 3*m - 3*l - v, 0 = -l. Suppose -7*o - 22 = -m. Is o a composite number?
True
Let x be 57 - -1 - (-8)/4. Let m be ((-386)/(-5))/(24/x). Let q = m - -146. Is q a composite number?
True
Let k(x) = 5*x**2 + 11*x + 36. Let z be k(-8). Suppose 2*i = 1808 + 1072. Suppose i - z = 4*b. Is b composite?
False
Let a(n) = n**3 + 12*n**2 + 22*n + 20. Let h be a(-10). Suppose h = 4*f, -3*t = 2*f - 3*f - 1887. Is t a composite number?
True
Let k(m) = m**3 + 26*m**2 - 5*m + 271. Is k(-22) a composite number?
True
Let t = 34001 + -14880. Is t a prime number?
True
Let x be 107*1*(3 - -8). Let z(g) = -2*g + 2. Let y be z(1). Suppose y = 5*k - x + 362. Is k composite?
False
Suppose -1337 + 233 = -4*d. Suppose -x + 365 = -d. Is x composite?
False
Suppose 0 = -n + x + 3*x - 8, 0 = n + 4*x - 8. Suppose n = -v + 1, -u + 2*u + 2*v - 8 = 0. Is (-3*(-140)/u)/2 composite?
True
Let c(z) = -z**2 - z + 221. Let a = 1 + 2. Let h = 3 - a. Is c(h) composite?
True
Suppose 3*h + g = -20, -14 = 3*h + 5*g + 14. Is (-4653 + 1)*(h - (-69)/12) composite?
False
Let j(v) = -v**3 - 15*v**2 + v + 11. Let q be j(-15). Is 6008/24 + q/(-6) composite?
False
Let b = 58687 + -34194. Is b a prime number?
False
Suppose 4*p - 29 + 89 = 0. Let s(o) = -158*o - 61. Is s(p) a prime number?
True
Let r(n) be the third derivative of -9*n**4/8 + 5*n**3/6 + 3*n**2 - 8. Let i(b) = b**3 - 4*b**2 + 3*b - 4. Let o be i(3). Is r(o) a prime number?
True
Let c be (-9)/(-2)*20/30. Let n(r) = 0*r**2 + 10 - r + 36*r**c - 9 - r**2. Is n(1) prime?
False
Is -148*1*((-162)/8 - 5) composite?
True
Suppose 0*w = j - 3*w - 5, 2*j - 4*w - 10 = 0. Suppose 0*i = -j*b + 2*i + 3599, -3593 = -5*b + 4*i. Is b prime?
False
Let o(v) = -3876*v + 207. Is o(-11) a composite number?
True
Let k be 4/(-14) + (-16)/(-7). Suppose -4*v - 5*b = 8444 - 30656, k*v + 2*b - 11108 = 0. Is v/70 - (-2)/(-5) composite?
False
Suppose -304415 - 267752 = -31*j. Is j composite?
False
Suppose -2*f + 0*f = -30. Suppose 0 = f*x - 13*x - 7624. Suppose 5*h = h + x. Is h composite?
False
Is (343816/616)/(1/49) a composite number?
True
Let o = 16 + -10. Suppose 0 = 2*h - o, 3*g - 10 = 4*h - 1. Let w(q) = q**3 + q**2 - 10*q - 3. Is w(g) a composite number?
True
Suppose 0 = -o + 1 - 10. Let c = o + 9. Suppose -2*z - 3*z + 10 = c. Is z a composite number?
False
Let x be (-8)/60 + (-4)/(-30). Let u(f) = f**3 - f**2 - f + 959. Is u(x) composite?
True
Let b(h) = 1836*h**3 - 2*h**2 + 6*h - 3. Is b(1) composite?
True
Let a(r) = 383*r**2 + 2*r + 2. Let i be a(2). Let u = i - -381. Is u prime?
False
Suppose 5*f + 0*f = 60. Let s = f - 9. Suppose 2*n + z - 844 = -z, s*n + z - 1260 = 0. Is n a prime number?
True
Let p(t) = -t**3 + 6*t**2 + 10*t - 15. Let z be p(7). Suppose 3*s = z*s - 921. Is s a composite number?
False
Suppose -6*f + 8700 + 13446 = 0. Is f composite?
False
Let k = -4 - -9. Suppose -g = -k*g + 8. Suppose -4*c + g*m = 24 - 232, 0 = -m + 2. Is c a composite number?
False
Suppose -4*i + 4122 = -18802. Is i a composite number?
True
Let c(f) = f - 2. Let u be c(3). Suppose 0 = 4*z - v - u - 1, -5*v - 10 = 2*z. Is -1 + 2 - (z + -158) prime?
False
Suppose 0 = -o - 1, 3*o - 2 = p - 2*p. Let q(i) = 5*i + 41. Let z be q(-8). Suppose -p*v = 5*h - 260, -3*h + z = 4. Is v a composite number?
False
Let p(f) = f**2 + 6*f - 3. Let n(g) = -5*g**2 + 15*g - 2. Let c(b) = 3*b**2 - 10*b + 1. Let k(r) = 8*c(r) + 5*n(r). Let v be k(-3). Is p(v) a composite number?
False
Is 1301 - (-7)/((-21)/24) prime?
False
Let z(b) = 1858*b - 1. Let t(g) = -7431*g + 5. Let v(r) = 4*t(r) + 18*z(r). Is v(1) composite?
True
Let l(r) = -16*r**3 + r**2 + 4*r + 1. Let d be l(-1). Let x be 2/(-4) - (-62)/4. Is x/35 + 7568/d a prime number?
True
Let c = 100215 - 62936. Is c a composite number?
True
Let m = -15 - -15. Suppose m*q + 85 = 5*q. Is 67/3 - q/51 a composite number?
True
Suppose -4*m - 20 = -i, i + 15 = -4*m - 5. Suppose -3*q = 5*u - 1 - 19, -12 = -q - 3*u. Suppose -5*l - 611 = -a - i*a, q = -l + 4. Is a a composite number?
False
Let u = -29 + 27. Is (-6)/9*1737/u prime?
False
Let r(n) = 33*n + 11. Suppose -13*c = -26 - 52. Is r(c) a composite number?
True
Is 261394*(-1)/10*-5 prime?
False
Suppose 3*f + t - 3 = 0, -2*t = 2*f - 6*t + 12. Suppose -2*g + 2 = 0, f = 4*p + 5*g - 4388 + 55. Is p prime?
False
Suppose 5*r - 6479 + 389 = 0. Suppose -s + r = 5*s. Suppose -s = -0*v - v. Is v composite?
True
Let y(k) = -13 - 68*k + k - 56*k. Let g be y(-11). Suppose 3*c = g + 1249. Is c prime?
True
Let o(w) = 36*w**3 - 3*w**2 + 9*w - 19. Is o(9) a prime number?
False
Suppose 2*u - c = 4*c + 72, -2*u - 5*c + 112 = 0. Suppose 0 = -i + 157 - u. Suppose -5*x - i + 1436 = 0. Is x a prime number?
False
Suppose 4*t - 17 = 87. Let y = 12 + -9. Suppose n - 2*h - 17 - t = 0, -y*n = 3*h - 165. Is n prime?
False
Is (-1)/6*(38 + -19124) composite?
False
Let z be (-16)/(-9) - 30/(-135). Suppose 5*m - z*v - 1560 = -7*v, 4*m = -3*v + 1243. Is m prime?
True
Let b(q) = 8*q**2 - 51*q - 19. Is b(26) a prime number?
False
Let j be ((-28)/(-70))/((-1)/(-745)). Suppose 0*d = -2*n - 3*d + 298, -4*d = -2*n + j. Is n prime?
True
Let u(t) be the first derivative of 715*t**3/3 - 2*t - 7. Is u(-1) composite?
True
Let x = 16011 + -3158. Is x prime?
True
Let s be 2394/(-99) + 4/22. Let u be (-11)/(220/s)*175. Is 534/(-4)*u/(-45) a composite number?
True
Suppose 5*w = -2*r + 1261, 3*r + 3*w - 8*w = 1929. Suppose -3*u = -3*z + 2*u + r, 3*z - 673 = -2*u. Is z a prime number?
False
Let k = 15 + -21. Let f = -10 - k. Is -1*f/(8/26) composite?
False
Let o(c) = -180*c + 293. Is o(-14) a composite number?
True
Let w(t) = 5*t**3 + 7*t**2 - 2*t - 7. Let r(x) = 3*x**3 + 4*x**2 - x - 4. Let v(y) = -7*r(y) + 4*w(y). Let p be v(1). Is (-189 - -4)/(1 + p) prime?
False
Let v(a) = a**2 + a. Let z(y) = 10*y - 3. Let r(g) = v(g) + z(g). Let j be r(-11). Is (j/3 - 0)*-97 a composite number?
False
Let v(p) = p**2 + 10*p + 5. Let x be v(-10). Suppose x*i - 2*i = 0. Suppose i = -4*l + 682 + 82. Is l composite?
False
Let x = 4 - 8. Let f be 4 + 0 + (x - -3). Let c(b) = 11*b**3 - 5*b**2 + 3*b - 2. Is c(f) a prime number?
False
Suppose 5998 = 47*f - 49*f. Is f/6*-3 - 1/2 a composite number?
False
Let d = 77 - 73. Let b = 3 + 4. Is (27 - d)/1*b a prime number?
False
Suppose -118814 - 70890 = -8*i. Is i prime?
False
Let x(c) = -2*c**3 - 3*c**2. Let o be x(-2). Suppose -5*z = -3*i - o - 22, -4*z + 3*i = -22. Suppose z*m - 477 = m. Is m a prime number?
False
Suppose 0 = -1690*h + 1697*h - 71701. Is h prime?
True
Let d(k) = k - 1. Let p be d(1). Suppose -5*m = -15 - p, 2*o - 5*m = 1019. Is o prime?
False
Let y = -452 + 3831. Suppose 5*h + y = f, -4*f + 0*h + h = -13554. Is f composite?
False
Suppose -2*d + 5*d = 2*r - 1265, -4*r = -3*d - 2539. Let k(t) = 427*t**3 + 2*t**2 + 2*t + 1. Let x be k(-1). Let l = x + r. Is l composite?
False
Suppose -408 - 34146 = -6*r. Is r a composite number?
True
Let k(f) = -12*f + 13. Let y(q) = -24*q + 27. Suppose 5*o - 30 - 5 = 0. Let w(b) = o*k(b) - 4*y(b). Is w(12) a composite number?
False
Is (-1)/((-4)/32) + 68855 a composite number?
False
Suppose -3*l = d + 2675, 0*d = -3*l - 5*d - 2695. Let m = 241 + l. Let g = m + 1094. Is g composite?
True
Let p = 18 - 29. Let t be 5/1*(-1067)/p. Suppose 2*l = -3*l + t. Is l a prime number?
True
Let y = -47307 + 173930. Is y a composite number?
True
Let h be (-3)/6 + (-3)/(-2). Let a = -17 + h. Is 917/3 + a/(-12) prime?
True
Let a = -4195 + 7749. Is a a prime number?
False
Suppose i + 1 = -4*b, 0*b + b = i - 4. Suppose -z + 69 = i*f - 47, 5*f = 2*z + 197. Is f a prime number?
False